uppose 6*c - c = 4*r - 6306, 3782 = -3*c + 4*r. Let t = 67 - c. What is the tens digit of t?
2
Suppose -7*p + 75 = 8*p. Suppose 0 = p*q + 3 + 57. Let v = q - -38. What is the tens digit of v?
2
Let f(p) = -p**3 + 63*p**2 + 11*p + 36. What is the hundreds digit of f(51)?
8
Suppose -3*u + 3*y + 9093 = 0, -y + 5612 = 3*u - 3501. Suppose -5*f = 3*b - 2277, -52*b + u = -48*b + 5*f. What is the units digit of b?
9
Let y(r) = 7*r + 310. Let d be y(-43). Suppose -1742 = -d*v + 310. What is the tens digit of v?
2
Suppose -j - h + 28271 = 0, -j - 4844 + 33133 = 4*h. What is the tens digit of j?
6
Let n(y) = 49*y**2 + 55*y**2 - 150*y**2 - 30 - 13*y + 48*y**2. What is the hundreds digit of n(-6)?
1
Let r = -8 + 23. Let b(x) = 11*x - 2*x + 0*x**2 + r + x**2 + 0*x. What is the tens digit of b(-12)?
5
Let w(a) = -184*a - 15. Let s = 29 - 25. Let l(i) = 92*i + 7. Let x(v) = s*w(v) + 9*l(v). What is the tens digit of x(1)?
9
Let p = 2 + 4. What is the units digit of p/315*7 - 112715/(-75)?
3
Let i be 13/((-39)/(-18)) + -3. Suppose 3*f - 4*v - 937 = 0, 3*v + 951 = i*f + 6*v. What is the tens digit of f?
1
Let f(k) = -k**3 - 8*k**2 - 18*k - 31. Let q be f(-6). Suppose -3*l + 2*l - 4*g + 482 = 0, 3*l - 1361 = q*g. What is the tens digit of l?
6
Let r(b) = -3*b - 13. Let f be r(5). Let t = f - -49. Suppose t*w - 112 = 19*w. What is the tens digit of w?
5
Suppose w + l = -0*w + 92, 2*l = 10. Suppose 5*t = 3*b + 80, -2*b + 4 = -6. Let i = w - t. What is the units digit of i?
8
Suppose -8 = -2*n + 40. What is the tens digit of (n/(-16))/(6/(-1888))?
7
What is the thousands digit of (-62)/(-2)*(-1 + (-35)/(-5) - -301)?
9
Let q(x) = x**3 + 23*x**2 - 41*x + 255. What is the units digit of q(-22)?
1
Let w = -1104 + 295. Let c = w - -1153. What is the units digit of c?
4
Let r be 2/(-3 + 4)*-1. Let s(p) = -36*p**3 - 4*p**2 - 3*p + 4. What is the units digit of s(r)?
2
Let h = 45855 + -30178. What is the units digit of h?
7
Suppose 14 = 4*p - 2*d, -p + 6*p - 22 = d. Suppose -t + 4*s = -0*t - 2, -5*t + 10 = -p*s. What is the tens digit of 56 + (-2 - (2 - t))?
5
Let p(q) = -21 + 2 + 53*q - 34 - 17. Let o = -78 + 84. What is the hundreds digit of p(o)?
2
Suppose -16 = -8*s + 24. Suppose -s*v + 12 = -8. Suppose 3*k + 57 = v*k. What is the units digit of k?
7
Let s(w) = -w**3 + 6*w + 12. Let m be s(-4). Let r be 3/(-15) + 271/5 + 3. Suppose -g + r = m. What is the units digit of g?
5
Suppose -50*o = -24*o - 361894. What is the ten thousands digit of o?
1
Let w(n) = 22*n + 10. Let u be w(-7). Let z = -6 - u. Suppose -51 + z = 3*j. What is the units digit of j?
9
Suppose -3*h + 3037 = 2*i - 17802, -10451 = -i + 3*h. What is the thousands digit of i?
0
Let h = -2 + 2. Suppose -5*o = -h*o - 10. Suppose 0 = -o*f + f + 88. What is the units digit of f?
8
Let z(b) = -69*b**2 - 14*b + 45. Let o(t) = -346*t**2 - 71*t + 224. Let k(g) = 2*o(g) - 11*z(g). What is the tens digit of k(3)?
9
Suppose 4*j - 6 = -3*l, 0 = -4*j - l + 9 + 1. Suppose -3*z + 27 = -j*f, 6*z + 5*f = 2*z + 18. What is the units digit of z?
7
What is the tens digit of (-18)/(-3)*(9 + -10)/(8/(-13444))?
8
Let a = -106 + 115. Suppose 0 = a*k - 754 - 2234. What is the hundreds digit of k?
3
Suppose 3*v - 5*y + 52475 = 179428, 4*v + 2*y = 169314. What is the units digit of v?
6
What is the thousands digit of 9343/(25/75*12/28)?
5
Let j(v) = 9*v + 12. Let h be 3/(-4) - (-186)/24. Let b be j(h). Suppose 419 - b = 4*f. What is the tens digit of f?
8
Let d(i) = 1298*i + 33. Let g be d(17). Suppose 7315 - g = -16*u. What is the hundreds digit of u?
9
Let s(u) = 11*u**2 + 3*u - 14. Let b be s(-5). Let c = b - 37. What is the tens digit of c?
0
Let a(y) = -11*y**3 - 3*y**2 - 2*y. Let i be (-3)/((-15)/(-2)) - 39/65. Let u be a(i). What is the units digit of (1 + (4 - 3))/(u/515)?
3
Suppose 3*p - 133*z = -129*z + 11292, -2*z = -2*p + 7530. What is the units digit of p?
8
Let f(p) = -44*p**2 + 13*p + 6. Let n be f(-4). Let y = n + 1529. What is the tens digit of y?
7
Suppose 0 = 8*v - 17*v + 18. Suppose -v*i + 4*m + 2576 = 0, -3*m - 119 = -i + 1166. What is the thousands digit of i?
1
Suppose 6*n - 14*n - 16 = 0, 3*z = 2*n + 78733. What is the hundreds digit of z?
2
Suppose 2*f - 78 + 0 = -v, 0 = 2*f + 2. Let r = v + -77. Let p(c) = 47*c + 15. What is the units digit of p(r)?
6
Let o = -18653 - -39145. What is the thousands digit of o?
0
Suppose 128*c - 3943611 - 3035973 = 0. What is the thousands digit of c?
4
Let m be 37*-2 - (0 - 3). Let q be (-10)/15 + 2/(-6)*m. Suppose -3*j = -110 + q. What is the units digit of j?
9
Let s = -7 + 9. Suppose 30 = q + s*q. Suppose -1127 = -q*u + 23. What is the units digit of u?
5
Let l(h) = -h**2 + 38*h + 4. Let k be l(-26). What is the units digit of ((-342)/190)/(2/k)?
4
Suppose -24*p + 28*p - 9*k - 174943 = 0, k + 7 = 0. What is the tens digit of p?
2
Let c = 53319 - 13485. What is the tens digit of c?
3
Suppose -1029559 = -75*q + 1109066. What is the hundreds digit of q?
5
Let z(r) = 196*r - 7. Let a(o) = -24*o + 146. Let k(f) = -12*f + 73. Let j(n) = -2*a(n) + 5*k(n). Let d be j(6). What is the units digit of z(d)?
9
Suppose -4*w = 4*r + 490 - 1334, 4*w - 2*r - 850 = 0. Let c = w + 998. What is the thousands digit of c?
1
Let w = 4620 + -2566. What is the units digit of w?
4
Suppose -10*j + 8366 = -18514. Suppose 0*p = -7*p + j. What is the tens digit of p?
8
Suppose -1051650 = -16*n - 225*n - 29*n. What is the hundreds digit of n?
8
Suppose 27*l - 18*l - 179911 = -8*l. What is the tens digit of l?
8
Let r(v) be the first derivative of 15*v**2/2 + 13*v + 32. What is the units digit of r(1)?
8
Let k(a) = -25*a - 124. Suppose -4*x = -4, 2*f + 3*x - 1 = -14. What is the tens digit of k(f)?
7
Suppose -y - 5*j + 5834 + 379 = 0, y + 3*j - 6223 = 0. What is the hundreds digit of y?
2
Let n(j) = -57*j + 277. Let t be n(5). What is the tens digit of (5 - (-32)/t)*(1558 + -1)?
5
Let y(a) = -3*a**3 + 28*a**2 - 15*a + 9. Let s be y(8). Let l = -143 + s. Suppose -2*w - l*p - p + 494 = 0, -p - 502 = -2*w. What is the units digit of w?
0
Let w(u) = u + 36. Let v(b) = 14*b - 6. Let j(y) = -y - 1. Let k(l) = -2*j(l) - v(l). Let z be k(1). What is the tens digit of w(z)?
3
Suppose -45 - 4 = l + z, 2*z + 2 = 0. Let f = -47 - l. What is the hundreds digit of (0 + f)*2/((-10)/(-605))?
1
Let h(q) = 3*q**2 - 21*q + 1645. Let k(t) = t**2 - 2. Let d(g) = h(g) - 2*k(g). What is the units digit of d(0)?
9
Let d(h) = 3*h - 7. Let c be d(7). Let v(i) = 10*i**2 - 22*i + 7. Let m be v(c). Suppose m = 8*x + 347. What is the hundreds digit of x?
1
Suppose 3*b + 64 = 4*c, 0 = -0*c + 3*c + 6. Let t(q) = -41*q + 265. What is the hundreds digit of t(b)?
2
Let j(h) be the first derivative of 2/3*h**3 - 10*h + 15 - 11/2*h**2. What is the tens digit of j(11)?
1
Let f = -32109 + 53912. What is the thousands digit of f?
1
Let w be (-2)/21 - (-9116)/2226. Let u = 139 + -81. What is the tens digit of w*-1 + (u - 2)?
5
Let v = -284 - -439. Suppose 5*c - v = 395. Suppose 58 = 7*g - c. What is the tens digit of g?
2
Suppose 3*w + 4*h = -83, 14 = 4*h + 34. Let p be (-18)/(-63) + (9690/w)/(-2). Suppose o + 3*b = p, -162 - 305 = -2*o - 5*b. What is the tens digit of o?
4
Suppose -83*f + 78*f + 240 = 0. Let l = f - 46. Suppose i = 3*r - 303, l*r + i - 191 = -2*i. What is the tens digit of r?
0
Suppose 3*a + 2*s = 4826, 0 = -5*s + 97 - 77. What is the hundreds digit of a?
6
Suppose 0 = 5*p - 2*c - 35187, -16*p = -20*p - 2*c + 28146. What is the units digit of p?
7
Let i(b) = -b**2 + 14*b - 19. Let k be i(12). Suppose -4*p - 1062 = -2*z, -2*p - 531 = -z - k*p. Suppose -12*j + 3*j + z = 0. What is the tens digit of j?
5
Let p(q) = -1624*q**3 - 7*q**2 - 11*q - 11. What is the units digit of p(-2)?
5
Let o = 894 + 8234. What is the tens digit of o?
2
Let y = 3580 - 118. What is the tens digit of y?
6
What is the hundreds digit of 4/12 + 17016/36?
4
Suppose -3*l + 29768 = -2*w, 127*w + 20 = 122*w. What is the units digit of l?
0
Let z(y) = y**3 - 19*y**2 - 26*y - 9. Let h be z(18). Let g = h - -525. Let m = -163 - g. What is the tens digit of m?
1
Suppose 0 = 5*a + 843 + 72. What is the units digit of (-56)/8 + 6 - a?
2
Let t be (-169)/26 - 9/(-6). What is the units digit of (-1)/(-3) + (928/6 - t)?
0
Suppose 2*l + 3*y - 137769 = 0, -5*y + 35